{"id":260,"date":"2017-04-03T19:36:38","date_gmt":"2017-04-03T17:36:38","guid":{"rendered":"http:\/\/chalo-india.de\/chaloindia\/?page_id=260"},"modified":"2017-05-31T13:04:49","modified_gmt":"2017-05-31T11:04:49","slug":"chalo-india-2013","status":"publish","type":"page","link":"http:\/\/chalo-india.de\/chaloindia\/chalo-india-2013\/","title":{"rendered":"Chalo India Programm 2013"},"content":{"rendered":"<table border=\"0\" width=\"100%\" cellspacing=\"3\" cellpadding=\"0\">\n<tbody>\n<tr>\n<td bgcolor=\"#000000\"><b><span style=\"color: #ffffff;\">F I L M E<\/span><\/b><\/td>\n<\/tr>\n<\/tbody>\n<\/table>\n<table border=\"0\" width=\"100%\" cellspacing=\"3\" cellpadding=\"0\">\n<tbody>\n<tr>\n<td bgcolor=\"#fdcf4f\"><b>SAMSTAG, 27.4.<\/b><\/td>\n<td><\/td>\n<\/tr>\n<tr>\n<td><a title=\"Udaan\" href=\"http:\/\/chalo-india.de\/archiv\/2013\/udaan-de.html\"><img loading=\"lazy\" decoding=\"async\" class=\"\" src=\"http:\/\/chalo-india.de\/archiv\/2013\/online%20bilder\/udaan.jpg\" alt=\"\" width=\"331\" height=\"221\" border=\"0\" \/> <\/a><\/td>\n<td valign=\"top\">\n<hr noshade=\"noshade\" size=\"1\" \/>\n<p><strong>UDAAN<\/strong><br \/>\n11:00 Uhr im Schlo\u00dftheater<br \/>\n(Melchersstra\u00dfe 81, 48149 M\u00fcnster)<br \/>\nL\u00e4nge: 134 Minuten<br \/>\nSprache: Hindi mit englischen Untertiteln<\/p>\n<p>Indien 2010; Regie: Vikramaditya Motwane (anschl. Skype-Konferenz); Darsteller: Rajat Barmecha, Ronit Roy (Mitternachtskinder), Ram Kapoor; Musik: Amit Trivedi; Genre: Drama<\/p>\n<p>Vom Internat geflogen, kehrt Rohan nach Jahren in sein Elternhaus zur\u00fcck&#8230;<\/td>\n<\/tr>\n<tr>\n<td><a title=\"London Paris New York\" href=\"http:\/\/chalo-india.de\/archiv\/2013\/lpny-de.html\"><img loading=\"lazy\" decoding=\"async\" src=\"http:\/\/chalo-india.de\/archiv\/2013\/online%20bilder\/lpny.jpg\" alt=\"\" width=\"360\" height=\"304\" border=\"0\" \/> <\/a><\/td>\n<td valign=\"top\">\n<hr noshade=\"noshade\" size=\"1\" \/>\n<p><strong>LONDON PARIS NEW YORK<\/strong><br \/>\n17:30 Uhr im Schlo\u00dftheater<br \/>\nL\u00e4nge: 100 Minuten<br \/>\nSprache: Hindi mit englischen Untertiteln<\/p>\n<p>Indien 2012; Regie: Anu Menon; Darsteller: Ali Zafar, Aditi Rao Hydari; Musik: Ali Zafar; Genre: Liebesfilm<\/p>\n<p>Nikhil, der wohlhabende Sohn eines Bollywood-Produzenten, trifft am Londoner Flughafen auf Lalita, eine wortgewandte Feministin&#8230;<\/td>\n<\/tr>\n<tr>\n<td><a title=\"Delhi Belly\" href=\"http:\/\/chalo-india.de\/archiv\/2013\/delhi-belly-de.html\"><img loading=\"lazy\" decoding=\"async\" src=\"http:\/\/chalo-india.de\/archiv\/2013\/online%20bilder\/delhi%20belly4.jpg\" alt=\"\" width=\"360\" height=\"240\" border=\"0\" \/> <\/a><\/td>\n<td valign=\"top\">\n<hr noshade=\"noshade\" size=\"1\" \/>\n<p><strong>DELHI BELLY<\/strong><br \/>\n20:30 Uhr im Schlo\u00dftheater<br \/>\nL\u00e4nge: 103 Minuten<br \/>\nSprache: Englisch \/ Hindi mit englischen Untertiteln<\/p>\n<p>Indien 2011; Regie: Abhinay Deo; Darsteller: Imran Khan, Kunaal Ro Kapoor, Vir Das, Poorna Jagannathan, Vijay Raaz (Monsoon Wedding); Musik: Ram Sampath; Genre: Kom\u00f6die<\/p>\n<p>\u201eShit happens!\u201c Das lassen indische Gangster so aber nicht gelten, wenn deren Matroschka-Puppe voll mit geschmuggelten Diamanten&#8230;<\/td>\n<\/tr>\n<\/tbody>\n<\/table>\n<table border=\"0\" width=\"100%\" cellspacing=\"3\" cellpadding=\"0\">\n<tbody>\n<tr>\n<td bgcolor=\"#fdcf4f\" width=\"360\"><b>SONNTAG, 28.4.<\/b><\/td>\n<td><\/td>\n<\/tr>\n<tr>\n<td><a title=\"Children of the Pyre\" href=\"http:\/\/chalo-india.de\/archiv\/2013\/cotp-de.html\"><img loading=\"lazy\" decoding=\"async\" src=\"http:\/\/chalo-india.de\/archiv\/2013\/online%20bilder\/children%20of%20the%20pyre.jpg\" alt=\"\" width=\"360\" height=\"269\" border=\"0\" \/> <\/a><\/td>\n<td valign=\"top\">\n<hr noshade=\"noshade\" size=\"1\" \/>\n<p><strong>CHILDREN OF THE PYRE<\/strong><br \/>\n11:00 Uhr im Schlo\u00dftheater<br \/>\nL\u00e4nge: 74 Minuten<br \/>\nSprache: Hindi mit englischen Untertiteln<\/p>\n<p>Indien 2008; Titel \u00fcbersetzt: \u201eKinder der Scheiterhaufen\u201c; Regie: Rajesh S. Jala (anschl. Skype-Konferenz); Genre: Dokumentation<\/p>\n<p>Wer in Varanasi am Ganges die Verbrennungen nach hinduistischem Ritual vornimmt, der geh\u00f6rt der untersten Kaste an&#8230;<\/td>\n<\/tr>\n<tr>\n<td><a title=\"English Vinglish\" href=\"http:\/\/chalo-india.de\/archiv\/2013\/english-vinglish-de.html\"><img loading=\"lazy\" decoding=\"async\" src=\"http:\/\/chalo-india.de\/archiv\/2013\/online%20bilder\/english%20vinglish.jpg\" alt=\"\" width=\"360\" height=\"240\" border=\"0\" \/> <\/a><\/td>\n<td valign=\"top\">\n<hr noshade=\"noshade\" size=\"1\" \/>\n<p><b>ENGLISH VINGLISH<\/b><br \/>\n17:30 Uhr im Schlo\u00dftheater<br \/>\nL\u00e4nge: 134 Minuten<br \/>\nSprache: Hindi \/ Englisch mit deutschen Untertiteln<\/p>\n<p>Indien 2012; Regie: Gauri Shinde; Darsteller: Sridevi, Mehdi Nebbou (Der Mann, der niemals lebte), Adil Hussain (Life of Pi); Musik: Amit Trivedi; Genre: Kom\u00f6die<\/p>\n<p>Ihre Teenagertochter kichert, wenn Shashi versucht etwas auf Englisch auszusprechen und ihr Ehemann&#8230;<\/td>\n<\/tr>\n<tr>\n<td><a title=\"Kadal\" href=\"http:\/\/chalo-india.de\/archiv\/2013\/kadal-de.html\"><img loading=\"lazy\" decoding=\"async\" src=\"http:\/\/chalo-india.de\/archiv\/2013\/online%20bilder\/kadal.jpg\" alt=\"\" width=\"360\" height=\"247\" border=\"0\" \/> <\/a><\/td>\n<td valign=\"top\">\n<hr noshade=\"noshade\" size=\"1\" \/>\n<p><strong>KADAL<\/strong><br \/>\n20:30 Uhr im Schlo\u00dftheater<br \/>\nL\u00e4nge: 164 Minuten<br \/>\nSprache: Tamil mit englischen Untertiteln<\/p>\n<p>Indien 2013; Titel \u00fcbersetzt: \u201eMeer\u201c; Regie: Mani Ratnam; Darsteller: Gautham Karthik, Arvind Swamy, Thulasi Nair, Arjun; Musik: A. R. Rahman; Genre: Drama<\/p>\n<p>In einem Fischerdorf an der K\u00fcste Tamil Nadus w\u00e4chst der Waise Thomas als unehelicher Sohn eines Schmugglers zu einem w\u00fctenden Jungen heran&#8230;<\/td>\n<\/tr>\n<\/tbody>\n<\/table>\n<p>&nbsp;<\/p>\n<table border=\"0\" width=\"100%\" cellspacing=\"3\" cellpadding=\"0\">\n<tbody>\n<tr>\n<td bgcolor=\"#000000\"><b><span style=\"color: #ffffff;\">R A H M E N P R O G R A M M<\/span><\/b><\/td>\n<\/tr>\n<\/tbody>\n<\/table>\n<table border=\"0\" width=\"100%\" cellspacing=\"3\" cellpadding=\"0\">\n<tbody>\n<tr>\n<td bgcolor=\"#fdcf4f\" width=\"360\"><b>FREITAG, 26.4.<\/b><\/td>\n<\/tr>\n<tr>\n<td><a title=\"Konzert\" href=\"http:\/\/chalo-india.de\/archiv\/2013\/konzert-de.html\"><img loading=\"lazy\" decoding=\"async\" src=\"http:\/\/chalo-india.de\/archiv\/2013\/online%20bilder\/konzert.jpg\" alt=\"\" width=\"360\" height=\"292\" border=\"0\" \/> <\/a><\/td>\n<td valign=\"top\">\n<hr noshade=\"noshade\" size=\"1\" \/>\n<p><strong>SITAR MEETS BOLLYWOOD<\/strong><br \/>\n20:00 Uhr in der Clubschiene<br \/>\nEintritt: 10 \u20ac (Konzert-Besucher k\u00f6nnen auch zur anschlie\u00dfenden Party bleiben)<br \/>\n<i>Nur Abendkasse <\/i><\/p>\n<p>Sitar: Subrata De<br \/>\nTabla: Saibal Chatterjee<\/p>\n<p>Zur Er\u00f6ffnung des Festivals gibt es ein klassisches indisches Konzert&#8230;<\/td>\n<\/tr>\n<tr>\n<td><a title=\"Bollywood-Party\" href=\"http:\/\/chalo-india.de\/archiv\/2013\/party-de.html\"><img loading=\"lazy\" decoding=\"async\" src=\"http:\/\/chalo-india.de\/archiv\/2013\/online%20bilder\/party.jpg\" alt=\"\" width=\"360\" height=\"268\" border=\"0\" \/> <\/a><\/td>\n<td valign=\"top\">\n<hr noshade=\"noshade\" size=\"1\" \/>\n<p><strong>BOLLYWOOD-PARTY<\/strong><br \/>\n22:30 Uhr in der Clubschiene<br \/>\nEintritt: 8\u20ac<br \/>\n<i>Nur Abendkasse<\/i><\/p>\n<p>Konzert-Besucher k\u00f6nnen einfach zur Party bleiben. Gespielt werden aktuelle Hits aus Bollywood, gemischt mit Klassikern, ein bisschen Bhangra, Punjabi MC &amp; R\u2019n\u2019B&#8230;<\/td>\n<\/tr>\n<\/tbody>\n<\/table>\n<table border=\"0\" width=\"100%\" cellspacing=\"3\" cellpadding=\"0\">\n<tbody>\n<tr>\n<td bgcolor=\"#fdcf4f\" width=\"360\"><b>SAMSTAG, 27.4.<\/b><\/td>\n<td><\/td>\n<\/tr>\n<tr>\n<td><a title=\"Yoga-Kurs\" href=\"http:\/\/chalo-india.de\/archiv\/2013\/yoga-de.html\"><img decoding=\"async\" src=\"http:\/\/chalo-india.de\/archiv\/2013\/online%20bilder\/yogahaus.jpg\" alt=\"\" width=\"360\" height=\"100%\" border=\"0\" \/> <\/a><\/td>\n<td valign=\"top\">\n<hr noshade=\"noshade\" size=\"1\" \/>\n<p><strong>YOGA-KURS<\/strong><br \/>\n15:00 Uhr im Yogahaus M\u00fcnster<br \/>\n(Bergstra\u00dfe 67, 48143 M\u00fcnster)<br \/>\nDauer: 90 Minuten<br \/>\nKosten: 7 Euro<\/p>\n<p>Zwischen den Kinobesuchen einmal abschalten, entspannen und etwas f\u00fcr sein Wohlbefinden tun&#8230; <a title=\"Yoga-Kurs\" href=\"http:\/\/chalo-india.de\/archiv\/2013\/yoga-de.html\"><b>weiter<\/b><\/a><\/td>\n<\/tr>\n<\/tbody>\n<\/table>\n<table border=\"0\" width=\"100%\" cellspacing=\"3\" cellpadding=\"0\">\n<tbody>\n<tr>\n<td bgcolor=\"#fdcf4f\" width=\"360\"><b>SONNTAG, 28.4.<\/b><\/td>\n<td><\/td>\n<\/tr>\n<tr>\n<td><a title=\"Vortrag\" href=\"http:\/\/chalo-india.de\/archiv\/2013\/vortrag-de.html\"><img loading=\"lazy\" decoding=\"async\" src=\"http:\/\/chalo-india.de\/archiv\/2013\/online%20bilder\/collage%20frauen.jpg\" alt=\"\" width=\"360\" height=\"240\" border=\"0\" \/> <\/a><\/td>\n<td valign=\"top\">\n<hr noshade=\"noshade\" size=\"1\" \/>\n<p><strong>LUSTOBJEKT, OPFER, R\u00c4CHERIN, G\u00d6TTIN etc. &#8230;Frauenbilder im indischen Kino<\/strong><br \/>\n13:45 Uhr im Gesundheitshaus<br \/>\n(Gasselstiege 13, 48159 M\u00fcnster)<br \/>\nDauer: 60 Minuten<br \/>\nEintritt frei<\/p>\n<p>Referentin: Julia Wessel<br \/>\nDie aktuelle Berichterstattung \u00fcber Indien wird dominiert von Artikeln \u00fcber Vergewaltigungen, \u00fcber die schlechte soziale Stellung der Frau und die dagegen angehende Protestbewegung&#8230;<\/td>\n<\/tr>\n<tr>\n<td><a title=\"Bharatnatyam-Tanz\" href=\"http:\/\/chalo-india.de\/archiv\/2013\/tanz-de.html\"><img loading=\"lazy\" decoding=\"async\" src=\"http:\/\/chalo-india.de\/archiv\/2013\/online%20bilder\/tanz.jpg\" alt=\"\" width=\"360\" height=\"292\" border=\"0\" \/> <\/a><\/td>\n<td valign=\"top\">\n<hr noshade=\"noshade\" size=\"1\" \/>\n<p><strong>BHARATNATYAM-TANZ<\/strong><br \/>\n15:00 Uhr im Gesundheitshaus<br \/>\nDauer: 45 Minuten<br \/>\nEintritt: 3\u20ac<br \/>\nKein Vorverkauf<\/p>\n<p>T\u00e4nzerin: Mrs. L. S. Prakruthi<\/p>\n<p>Bharatnatyam ist eine \u00fcber 2000 Jahre alte indische Tanzform, die urspr\u00fcnglich an die hinduistische G\u00f6tterverehrung in Tempeln&#8230;<\/td>\n<\/tr>\n<tr>\n<td><a title=\"Bharatnatyam-Workshop\" href=\"http:\/\/chalo-india.de\/archiv\/2013\/workshop-de.html\"><img decoding=\"async\" src=\"http:\/\/chalo-india.de\/archiv\/2013\/online%20bilder\/tanz2.jpg\" alt=\"\" width=\"360\" height=\"100%\" border=\"0\" \/> <\/a><\/td>\n<td valign=\"top\">\n<hr noshade=\"noshade\" size=\"1\" \/>\n<p><strong>BHARATNATYAM-WORKSHOP<\/strong><br \/>\n16:00 Uhr im Gesundheitshaus<br \/>\nDauer: 60 Minuten<br \/>\nTeilnahme: 10\u20ac<\/p>\n<p>T\u00e4nzerin: Mrs. L. S. Prakruthi<\/p>\n<p>Im Anschluss an die Tanzvorstellung findet ein Workshop statt, f\u00fcr alle, die den indischen Tanz gerne selbst einmal ausprobieren m\u00f6chten&#8230;<\/td>\n<\/tr>\n<\/tbody>\n<\/table>\n","protected":false},"excerpt":{"rendered":"<p>F I L M E SAMSTAG, 27.4. UDAAN 11:00 Uhr im Schlo\u00dftheater (Melchersstra\u00dfe 81, 48149 M\u00fcnster) L\u00e4nge: 134 Minuten Sprache: Hindi mit englischen Untertiteln Indien 2010; Regie: Vikramaditya Motwane (anschl. &#8230;<\/p>\n","protected":false},"author":1,"featured_media":0,"parent":0,"menu_order":0,"comment_status":"closed","ping_status":"closed","template":"","meta":{"footnotes":""},"class_list":["post-260","page","type-page","status-publish","hentry"],"_links":{"self":[{"href":"http:\/\/chalo-india.de\/chaloindia\/wp-json\/wp\/v2\/pages\/260"}],"collection":[{"href":"http:\/\/chalo-india.de\/chaloindia\/wp-json\/wp\/v2\/pages"}],"about":[{"href":"http:\/\/chalo-india.de\/chaloindia\/wp-json\/wp\/v2\/types\/page"}],"author":[{"embeddable":true,"href":"http:\/\/chalo-india.de\/chaloindia\/wp-json\/wp\/v2\/users\/1"}],"replies":[{"embeddable":true,"href":"http:\/\/chalo-india.de\/chaloindia\/wp-json\/wp\/v2\/comments?post=260"}],"version-history":[{"count":6,"href":"http:\/\/chalo-india.de\/chaloindia\/wp-json\/wp\/v2\/pages\/260\/revisions"}],"predecessor-version":[{"id":264,"href":"http:\/\/chalo-india.de\/chaloindia\/wp-json\/wp\/v2\/pages\/260\/revisions\/264"}],"wp:attachment":[{"href":"http:\/\/chalo-india.de\/chaloindia\/wp-json\/wp\/v2\/media?parent=260"}],"curies":[{"name":"wp","href":"https:\/\/api.w.org\/{rel}","templated":true}]}}