{"id":487,"date":"2017-05-31T21:42:55","date_gmt":"2017-05-31T19:42:55","guid":{"rendered":"http:\/\/chalo-india.de\/chaloindia\/?page_id=487"},"modified":"2017-05-31T21:43:59","modified_gmt":"2017-05-31T19:43:59","slug":"chalo-india-programm-2015","status":"publish","type":"page","link":"http:\/\/chalo-india.de\/chaloindia\/chalo-india-programm-2015\/","title":{"rendered":"Chalo India Programm 2015"},"content":{"rendered":"<table border=\"0\" width=\"100%\" cellspacing=\"3\" cellpadding=\"0\">\n<tbody>\n<tr>\n<td bgcolor=\"#000000\"><b><span style=\"color: #ffffff;\">F I L M E (im Schlo\u00dftheater, Melchersstra\u00dfe 81, 48149 M\u00fcnster)<\/span><\/b><\/td>\n<\/tr>\n<\/tbody>\n<\/table>\n<table border=\"0\" width=\"100%\" cellspacing=\"3\" cellpadding=\"0\">\n<tbody>\n<tr>\n<td bgcolor=\"#fdcf4f\"><b>FREITAG, 24.4.<\/b><\/td>\n<td><\/td>\n<\/tr>\n<tr>\n<td><a title=\"Haider\" href=\"http:\/\/chalo-india.de\/archiv\/2015\/fr-19-30-de.html\"><img loading=\"lazy\" decoding=\"async\" src=\"http:\/\/chalo-india.de\/archiv\/2015\/2015\/haider.jpg\" alt=\"\" width=\"360\" height=\"240\" border=\"0\" \/> <\/a><\/td>\n<td valign=\"top\">\n<hr noshade=\"noshade\" size=\"1\" \/>\n<p><a title=\"Haider\" href=\"http:\/\/chalo-india.de\/archiv\/2015\/fr-19-30-de.html\"><b>HAIDER<\/b><\/a><br \/>\n19:30 Uhr<\/p>\n<p><i>Indien 2014<br \/>\nRegie: Vishal Bhardwaj<br \/>\nDarsteller: Shahid Kapoor, Tabu, Kay Kay Menon, Shraddha Kapoor, Irrfan Khan<br \/>\nMusik: Vishal Bhardwaj<br \/>\nL\u00e4nge: 162 min<br \/>\nSprache: Hindi mit engl. Untertiteln<br \/>\nGenre: Drama<\/i><\/p>\n<p>Als der junge Literaturstudent Haider von dem pl\u00f6tzlichen Verschwinden seines Vaters erf\u00e4hrt&#8230; <a title=\"Haider\" href=\"http:\/\/chalo-india.de\/archiv\/2015\/fr-19-30-de.html\"><b>weiter<\/b><\/a><\/td>\n<\/tr>\n<\/tbody>\n<\/table>\n<table border=\"0\" width=\"100%\" cellspacing=\"3\" cellpadding=\"0\">\n<tbody>\n<tr>\n<td bgcolor=\"#fdcf4f\" width=\"360\"><b>SAMSTAG, 25.4.<\/b><\/td>\n<td><\/td>\n<\/tr>\n<tr>\n<td><a title=\"Inshallah Football\" href=\"http:\/\/chalo-india.de\/archiv\/2015\/sa-11-de.html\"><img loading=\"lazy\" decoding=\"async\" src=\"http:\/\/chalo-india.de\/archiv\/2015\/2015\/inshallah.jpg\" alt=\"\" width=\"360\" height=\"240\" border=\"0\" \/> <\/a><\/td>\n<td valign=\"top\">\n<hr noshade=\"noshade\" size=\"1\" \/>\n<p><a title=\"Inshallah Football\" href=\"http:\/\/chalo-india.de\/archiv\/2015\/sa-11-de.html\"><b>INSHALLAH FOOTBALL<\/b><\/a><br \/>\n11:00 Uhr<\/p>\n<p><i>Indien 2013<br \/>\nRegie: Ashvin Kumar<br \/>\nDarsteller: Basharat Baba, Bashir<br \/>\nBaba, Juan Marcos Toia<br \/>\nL\u00e4nge: 82 min<br \/>\nSprache: Urdu mit engl. Untertiteln<br \/>\nGenre: Dokumentarfilm<\/i><\/p>\n<p>Kaschmir im Jahr 2009. Die schlimmsten Unruhen sind vorbei&#8230; <a title=\"Inshallah Kashmir\" href=\"http:\/\/chalo-india.de\/archiv\/2015\/sa-11-de.html\"><b>weiter<\/b><\/a><\/p>\n<p>&nbsp;<\/td>\n<\/tr>\n<tr>\n<td><a title=\"Amma &amp; Appa\" href=\"http:\/\/chalo-india.de\/archiv\/2015\/sa-13-de.html\"><img loading=\"lazy\" decoding=\"async\" src=\"http:\/\/chalo-india.de\/archiv\/2015\/2015\/amma-appa3.jpg\" alt=\"\" width=\"360\" height=\"250\" border=\"0\" \/> <\/a><\/td>\n<td valign=\"top\">\n<hr noshade=\"noshade\" size=\"1\" \/>\n<p><a title=\"Amma &amp; Appa\" href=\"http:\/\/chalo-india.de\/archiv\/2015\/sa-13-de.html\"><b>AMMA &amp; APPA<\/b><\/a><br \/>\n13:00<\/p>\n<p><i>Deutschland 2014<br \/>\nRegie: Franziska Sch\u00f6nenberger<br \/>\nDarsteller: Franziska Sch\u00f6nenberger, Jayakrishnan Subramanian<br \/>\nL\u00e4nge: 93 min<br \/>\nSprache: Deutsch \/ Engl., Hindi mit deutschen Untertiteln<br \/>\nFSK: ab 0 Jahren freigegeben<br \/>\nGenre: Dokumentation<\/i><\/p>\n<p>Franziska aus Bayern liebt Jay aus Indien&#8230; <a title=\"Amma &amp; Appa\" href=\"http:\/\/chalo-india.de\/archiv\/2015\/sa-13-de.html\"><b>weiter<\/b><\/a><\/td>\n<\/tr>\n<tr>\n<td><a title=\"Fandry\" href=\"http:\/\/chalo-india.de\/archiv\/2015\/sa-17-30-de.html\"><img loading=\"lazy\" decoding=\"async\" src=\"http:\/\/chalo-india.de\/archiv\/2015\/2015\/fandry.jpg\" alt=\"\" width=\"360\" height=\"270\" border=\"0\" \/> <\/a><\/td>\n<td valign=\"top\">\n<hr noshade=\"noshade\" size=\"1\" \/>\n<p><a title=\"Fandry\" href=\"http:\/\/chalo-india.de\/archiv\/2015\/sa-17-30-de.html\"><b>FANDRY<\/b><\/a><br \/>\n17:30<\/p>\n<p><i>Indien 2014<br \/>\nRegie: Nagraj Manjule<br \/>\nDarsteller: Somnath Awghade, Rajeshwari Kharat, Nagraj Manjule, Kishore Kadam<br \/>\nMusik: Ajay-Atul \/ Aloknanda Dasgupta<br \/>\nL\u00e4nge: 104 min<br \/>\nSprache: Marathi mit engl. Untertiteln<br \/>\nGenre: Drama \/ Coming-of-Age<\/i><\/p>\n<p>Wenn er doch nur den seltenen schwarzen Spatz fangen k\u00f6nnte&#8230; <a title=\"Fandry\" href=\"http:\/\/chalo-india.de\/archiv\/2015\/sa-17-30-de.html\"><b>weiter<\/b><\/a><\/td>\n<\/tr>\n<tr>\n<td><a title=\"Sulemani Keeda\" href=\"http:\/\/chalo-india.de\/archiv\/2015\/sa-17-30-2-de.html\"><img loading=\"lazy\" decoding=\"async\" src=\"http:\/\/chalo-india.de\/archiv\/2015\/2015\/sulemani.jpg\" alt=\"\" width=\"360\" height=\"250\" border=\"0\" \/> <\/a><\/td>\n<td valign=\"top\">\n<hr noshade=\"noshade\" size=\"1\" \/>\n<p><a title=\"Sulemani Keeda\" href=\"http:\/\/chalo-india.de\/archiv\/2015\/sa-17-30-2-de.html\"><b>SULEMANI KEEDA<\/b><\/a><br \/>\n17:30<\/p>\n<p><i>Indien 2014<br \/>\nRegie: Amit Masurkar<br \/>\nDarsteller: Naveen Kasturia, Mayank Tewari, Aditi Vasudev, Karan Mirchandani<br \/>\nL\u00e4nge: 89 min<br \/>\nSprache: Hindi mit engl. Untertiteln<br \/>\nGenre: Kom\u00f6die<\/i><\/p>\n<p>Mumbai heute. Die jungen Drehbuchautoren Mainak und Dulal wollen mit ihren Ideen Bollywood aufmischen&#8230; <a title=\"Sulemani Keeda\" href=\"http:\/\/chalo-india.de\/archiv\/2015\/sa-17-30-2-de.html\"><b>weiter<\/b><\/a><\/td>\n<\/tr>\n<tr>\n<td><a title=\"Na Maloom Afraad\" href=\"http:\/\/chalo-india.de\/archiv\/2015\/sa-20-de.html\"><img loading=\"lazy\" decoding=\"async\" src=\"http:\/\/chalo-india.de\/archiv\/2015\/2015\/na-maloom-afraad2.jpg\" alt=\"\" width=\"360\" height=\"250\" border=\"0\" \/> <\/a><\/td>\n<td valign=\"top\">\n<hr noshade=\"noshade\" size=\"1\" \/>\n<p><a title=\"Na Maloom Afraad\" href=\"http:\/\/chalo-india.de\/archiv\/2015\/sa-20-de.html\"><b>NA MALOOM AFRAAD<\/b><\/a><br \/>\n20:00<\/p>\n<p><i>Indien 2014<br \/>\nRegie: Nabeel Qureshi<br \/>\nDarsteller: Fahad Mustafa, Javed Sheikh, Mohsin Abbas Haider<br \/>\nMusik: Shani &amp; Kami<br \/>\nL\u00e4nge: 137 min<br \/>\nSprache: Urdu mit engl. Untertiteln<br \/>\nGenre: Gangsterkom\u00f6die<\/i><\/p>\n<p>Moon sollte eigentlich l\u00e4ngst in Dubai sein und dort Geld verdienen&#8230; <a title=\"Na Maloom Afraad\" href=\"http:\/\/chalo-india.de\/archiv\/2015\/sa-20-de.html\"><b>weiter<\/b><\/a><\/td>\n<\/tr>\n<\/tbody>\n<\/table>\n<table border=\"0\" width=\"100%\" cellspacing=\"3\" cellpadding=\"0\">\n<tbody>\n<tr>\n<td bgcolor=\"#fdcf4f\" width=\"360\"><b>SONNTAG, 26.4.<\/b><\/td>\n<td><\/td>\n<\/tr>\n<tr>\n<td><a title=\"Veer-Zaara\" href=\"http:\/\/chalo-india.de\/archiv\/2015\/so-11-de.html\"><img loading=\"lazy\" decoding=\"async\" src=\"http:\/\/chalo-india.de\/archiv\/2015\/2015\/veer-zaara.jpg\" alt=\"\" width=\"360\" height=\"260\" border=\"0\" \/> <\/a><\/td>\n<td valign=\"top\">\n<hr noshade=\"noshade\" size=\"1\" \/>\n<p><a title=\"Veer-Zaara\" href=\"http:\/\/chalo-india.de\/archiv\/2015\/so-11-de.html\"><b>Veer-Zaara<\/b><\/a><br \/>\n11:00 Uhr<\/p>\n<p><i>Indien 2004<br \/>\nRegie: Yash Chopra<br \/>\nDarsteller: Shah Rukh Khan, Preity Zinta, Rani Mukerji, Amitabh Bachchan, Hema Malini<br \/>\nMusik: Madan Mohan<br \/>\nL\u00e4nge: 192 min<br \/>\nSprache: Hindi mit deutschen Untertiteln<br \/>\nFSK: ab 6 Jahren freigegeben<br \/>\nGenre: Liebesdrama<\/i><\/p>\n<p>Die junge pakistanische Rechtsanw\u00e4ltin Saamiya&#8230; <a title=\"Veer-Zaara\" href=\"http:\/\/chalo-india.de\/archiv\/2015\/so-11-de.html\"><b>weiter<\/b><\/a><\/td>\n<\/tr>\n<tr>\n<td><a title=\"Titli\" href=\"http:\/\/chalo-india.de\/archiv\/2015\/so-11-2-de.html\"><img loading=\"lazy\" decoding=\"async\" src=\"http:\/\/chalo-india.de\/archiv\/2015\/2015\/titli.jpg\" alt=\"\" width=\"360\" height=\"250\" border=\"0\" \/> <\/a><\/td>\n<td valign=\"top\">\n<hr noshade=\"noshade\" size=\"1\" \/>\n<p><a title=\"Titli\" href=\"http:\/\/chalo-india.de\/archiv\/2015\/so-11-2-de.html\"><b>TITLI<\/b><\/a><br \/>\n11:00 Uhr<\/p>\n<p><i>Indien 2014<br \/>\nRegie: Kanu Behl<br \/>\nDarsteller: Shashank Arora, Ranvir Shorey, Shivani Raghuvanshi<br \/>\nL\u00e4nge: 124 min<br \/>\nSprache: Hindi mit deutschen Untertiteln<br \/>\nFSK: ab 16 Jahren freigegeben<br \/>\nGenre: Drama<\/i><\/p>\n<p>Titli hat den brutalen Alltag in den Slums von Delhi satt&#8230; <a title=\"Titli\" href=\"http:\/\/chalo-india.de\/archiv\/2015\/so-11-2-de.html\"><b>weiter<\/b><\/a><\/td>\n<\/tr>\n<tr>\n<td><a title=\"Powerless\" href=\"http:\/\/chalo-india.de\/archiv\/2015\/so-14-30-de.html\"><img loading=\"lazy\" decoding=\"async\" class=\"aligncenter\" src=\"http:\/\/chalo-india.de\/archiv\/2015\/2015\/powerless.jpg\" alt=\"\" width=\"360\" height=\"240\" border=\"0\" \/> <\/a><\/td>\n<td valign=\"top\">\n<hr noshade=\"noshade\" size=\"1\" \/>\n<p><a title=\"Powerless\" href=\"http:\/\/chalo-india.de\/archiv\/2015\/so-14-30-de.html\"><b>POWERLESS<\/b><\/a><br \/>\n14:30 Uhr<\/p>\n<p><i>Indien 2013<br \/>\nRegie: Fahad Mustafa, Deepti Kakkar<br \/>\nDarsteller: Loha Singh, Ritu Maheshwari<br \/>\nL\u00e4nge: 84 min<br \/>\nSprache: Hindi, Englisch mit engl. Untertiteln<br \/>\nGenre: Dokumentation<\/i><\/p>\n<p>Seit er einen explodierenden Transformator \u00fcberlebt hat&#8230; <a title=\"Powerless\" href=\"http:\/\/chalo-india.de\/archiv\/2015\/so-14-30-de.html\"><b>weiter<\/b><\/a><\/td>\n<\/tr>\n<tr>\n<td><a title=\"Liar's Dice\" href=\"http:\/\/chalo-india.de\/archiv\/2015\/so-16-30-de.html\"><img loading=\"lazy\" decoding=\"async\" src=\"http:\/\/chalo-india.de\/archiv\/2015\/2015\/liars-dice.jpg\" alt=\"\" width=\"360\" height=\"250\" border=\"0\" \/> <\/a><\/td>\n<td valign=\"top\">\n<hr noshade=\"noshade\" size=\"1\" \/>\n<p><a title=\"Liar's Dice\" href=\"http:\/\/chalo-india.de\/archiv\/2015\/so-16-30-de.html\"><b>LIAR&#8217;S DICE<\/b><\/a><br \/>\n16:30 Uhr<\/p>\n<p><i>Indien 2014<br \/>\nRegie: Geethu Mohandas<br \/>\nDarsteller: Geetanjali Thappa, Nawazuddin Siddiqui, Manya Gupta<br \/>\nL\u00e4nge: 104 min<br \/>\nSprache: Hindi mit engl. Untertiteln<br \/>\nGenre: Drama \/ Road Movie<\/i><\/p>\n<p>F\u00fcnf Monate sind verstrichen seit der letzten Nachricht von ihrem Ehemann&#8230; <a title=\"Liar's Dice\" href=\"http:\/\/chalo-india.de\/archiv\/2015\/so-16-30-de.html\"><b>weiter<\/b><\/a><\/td>\n<\/tr>\n<\/tbody>\n<\/table>\n<p>&nbsp;<\/p>\n<table border=\"0\" width=\"100%\" cellspacing=\"3\" cellpadding=\"0\">\n<tbody>\n<tr>\n<td bgcolor=\"#000000\"><b><span style=\"color: #ffffff;\">R A H M E N P R O G R A M M<\/span><\/b><\/td>\n<\/tr>\n<\/tbody>\n<\/table>\n<table border=\"0\" width=\"100%\" cellspacing=\"3\" cellpadding=\"0\">\n<tbody>\n<tr>\n<td bgcolor=\"#fdcf4f\" width=\"360\"><b>FREITAG, 24.4.<\/b><\/td>\n<\/tr>\n<tr>\n<td><a title=\"Er\u00f6ffnungsfeier\" href=\"http:\/\/chalo-india.de\/archiv\/2015\/fr-17-30-de.html\"><img loading=\"lazy\" decoding=\"async\" src=\"http:\/\/chalo-india.de\/archiv\/2015\/2015\/maya2.jpg\" alt=\"\" width=\"360\" height=\"262\" border=\"0\" \/> <\/a><\/td>\n<td valign=\"top\">\n<hr noshade=\"noshade\" size=\"1\" \/>\n<p><a title=\"Er\u00f6ffnung\" href=\"http:\/\/chalo-india.de\/archiv\/2015\/fr-17-30-de.html\"><b>Er\u00f6ffnungfeier<\/b><\/a><br \/>\n17:30 Uhr in der Zukunftswerkstatt<br \/>\n((Schulstr. 45, 48149 M\u00fcnster))<\/p>\n<p><i>Eintritt frei<\/i><\/p>\n<p>Die feierliche Er\u00f6ffnung am Freitagabend in der Zukunftswerkstatt gibt den Startschuss f\u00fcr ein facettenreiches Wochenende mit vielen Kino- und Programmhighlights. Mit indischer Musik und Tanz, unter anderem von MAYA, der deutschen Bollywood-Meisterin 2014, holen wir am Er\u00f6ffnungsabend ein St\u00fcck Indien nach M\u00fcnster und laden zum Mitfeiern und Genie\u00dfen ein&#8230; <a title=\"Er\u00f6ffnung\" href=\"http:\/\/chalo-india.de\/archiv\/2015\/fr-17-30-de.html\"><b>weiter<\/b><\/a><\/td>\n<\/tr>\n<\/tbody>\n<\/table>\n<table border=\"0\" width=\"100%\" cellspacing=\"3\" cellpadding=\"0\">\n<tbody>\n<tr>\n<td bgcolor=\"#fdcf4f\" width=\"360\"><b>SAMSTAG, 25.4.<\/b><\/td>\n<td><\/td>\n<\/tr>\n<tr>\n<td><a title=\"Lesung\" href=\"http:\/\/chalo-india.de\/archiv\/2015\/sa-15-de.html\"><img loading=\"lazy\" decoding=\"async\" src=\"http:\/\/chalo-india.de\/archiv\/2015\/2015\/judith.jpg\" alt=\"\" width=\"360\" height=\"250\" border=\"0\" \/> <\/a><\/td>\n<td valign=\"top\">\n<hr noshade=\"noshade\" size=\"1\" \/>\n<p><a title=\"Lesung\" href=\"http:\/\/chalo-india.de\/archiv\/2015\/sa-15-de.html\"><b>JUDITH GOES TO BOLLYWOOD<\/b> <\/a><br \/>\nSamstag, 25.4., 15:00 Uhr in der Zukunftswerkstatt<br \/>\n(Schulstr. 45, 48149 M\u00fcnster)<\/p>\n<p><i>Lesung von Judith D\u00f6ker<br \/>\nEintritt: 3 \u20ac (mit Festivalpass frei)<br \/>\nDauer: 60 Minutenn<\/i><\/p>\n<p>Judith D\u00f6ker ist Schauspielerin. Doch als all ihre beruflichen und privaten Pl\u00e4ne&#8230; <a title=\"Lesung\" href=\"http:\/\/chalo-india.de\/archiv\/2015\/sa-15-de.html\"><b>weiter<\/b><\/a><\/td>\n<\/tr>\n<tr>\n<td><a title=\"Chalo-India-Party\" href=\"http:\/\/chalo-india.de\/archiv\/2015\/sa-20-de.html\"><img loading=\"lazy\" decoding=\"async\" src=\"http:\/\/chalo-india.de\/archiv\/2015\/2015\/party.jpg\" alt=\"\" width=\"360\" height=\"300\" border=\"0\" \/> <\/a><\/td>\n<td valign=\"top\">\n<hr noshade=\"noshade\" size=\"1\" \/>\n<p><a title=\"Chalo-India-Party\" href=\"http:\/\/chalo-india.de\/archiv\/2015\/sa-20-de.html\"><b>CHALO-INDIA-PARTY<\/b><\/a><br \/>\n22:30 Uhr im Cuba Nova \/ Wintergarten<br \/>\n(Achtermannstra\u00dfe 10, 48143 M\u00fcnster)<\/p>\n<p><i> mit DJ Sa-One<br \/>\nEintritt: bis 23:30 frei \/ anschlie\u00dfend 4 \u20ac<\/i><\/p>\n<p>Deutschlands beliebtester Bollywood-DJ sorgt am Samstagabend im Wintergarten des Cuba Nova mit seinem einzigartigen Mix f\u00fcr Hochstimmung. Von Bollywood bis Bhangra, House oder Black&#8230; <a title=\"Chalo-India-Party\" href=\"http:\/\/chalo-india.de\/archiv\/2015\/sa-22-30-de.html\"><b>weiter<\/b><\/a><\/td>\n<\/tr>\n<\/tbody>\n<\/table>\n<table border=\"0\" width=\"100%\" cellspacing=\"3\" cellpadding=\"0\">\n<tbody>\n<tr>\n<td bgcolor=\"#fdcf4f\" width=\"360\"><b>SAMSTAG (25.4.) &amp; SONNTAG (26.4.)<\/b><\/td>\n<td><\/td>\n<\/tr>\n<tr>\n<td><a title=\"Workshops\" href=\"http:\/\/chalo-india.de\/archiv\/2015\/sa-16-de.html\"><img loading=\"lazy\" decoding=\"async\" src=\"http:\/\/chalo-india.de\/archiv\/2015\/2015\/idd2.jpg\" alt=\"\" width=\"360\" height=\"320\" border=\"0\" \/> <\/a><\/td>\n<td valign=\"top\">\n<hr noshade=\"noshade\" size=\"1\" \/>\n<p><a title=\"Workshops\" href=\"http:\/\/chalo-india.de\/archiv\/2015\/sa-16-de.html\"><b>TANZWORKSHOPs<\/b><\/a><br \/>\nin der Zukunftswerkstatt<br \/>\n(Schulstr. 45, 48149 M\u00fcnster)<\/p>\n<p><i>Geleitet von: Adwoa Sara Kr\u00f6ger \/ INDIA DANCE DAYS Hamburg<br \/>\nAnmeldung: info@chalo-india.de<br \/>\nDauer: 60 Minuten<br \/>\nInfo: F\u00fcr Teilnehmer aller Level. Bitte bequeme Kleidung und Lust auf Rhythmus und Bewegung mitbringen.<br \/>\nTeilnahmegeb\u00fchr: 10 \u20ac<\/i><\/p>\n<p>Freut euch auf zwei mitrei\u00dfende Tanzworkshops mit Adwoa von den INDIA DANCE DAYS aus Hamburg. In den einst\u00fcndigen&#8230; <a title=\"Workshops\" href=\"http:\/\/chalo-india.de\/archiv\/2015\/sa-16-de.html\"><b>weiter<\/b><\/a><\/td>\n<\/tr>\n<\/tbody>\n<\/table>\n<table border=\"0\" width=\"100%\" cellspacing=\"3\" cellpadding=\"0\">\n<tbody>\n<tr>\n<td bgcolor=\"#fdcf4f\" width=\"360\"><b>SONNTAG, 26.4.<\/b><\/td>\n<td><\/td>\n<\/tr>\n<tr>\n<td><a title=\"Film-Dinner\" href=\"http:\/\/chalo-india.de\/archiv\/2015\/so-18-30-de.html\"><img loading=\"lazy\" decoding=\"async\" src=\"http:\/\/chalo-india.de\/archiv\/2015\/2015\/daawat3.jpg\" alt=\"\" width=\"360\" height=\"277\" border=\"0\" \/> <\/a><\/td>\n<td valign=\"top\">\n<hr noshade=\"noshade\" size=\"1\" \/>\n<p><a title=\"Film-Dinner\" href=\"http:\/\/chalo-india.de\/archiv\/2015\/so-18-30-de.html\"><b>DAAWAT-E-ISHQ (Film-Dinner)<\/b><\/a><br \/>\n18:30 Uhr in der Zukunftswerkstatt<br \/>\n(Schulstr. 45, 48149 M\u00fcnster)<\/p>\n<p><i>Indien 2014<br \/>\nRegie: Habib Faisal<br \/>\nDarsteller: Parineeti Chopra, Aditya Roy Kapoor, Anupam Kher<br \/>\nMusik: Sajid-Wajid<br \/>\nL\u00e4nge: 118 min<br \/>\nSprache: Hindi mit engl. Untertiteln<br \/>\nGenre: Liebeskom\u00f6die<br \/>\nEintritt: 10 \u20ac (mit Festivalpass: 5 \u20ac)<\/i><\/p>\n<p>Am Abschlussabend des dritten indischen Filmfestes laden wir zum Filmdinner&#8230; <a title=\"Film-Dinner\" href=\"http:\/\/chalo-india.de\/archiv\/2015\/so-18-30-de.html\"><b>weiter<\/b><\/a><\/td>\n<\/tr>\n<\/tbody>\n<\/table>\n","protected":false},"excerpt":{"rendered":"<p>F I L M E (im Schlo\u00dftheater, Melchersstra\u00dfe 81, 48149 M\u00fcnster) FREITAG, 24.4. HAIDER 19:30 Uhr Indien 2014 Regie: Vishal Bhardwaj Darsteller: Shahid Kapoor, Tabu, Kay Kay Menon, Shraddha Kapoor, &#8230;<\/p>\n","protected":false},"author":1,"featured_media":0,"parent":0,"menu_order":0,"comment_status":"closed","ping_status":"closed","template":"","meta":{"footnotes":""},"class_list":["post-487","page","type-page","status-publish","hentry"],"_links":{"self":[{"href":"http:\/\/chalo-india.de\/chaloindia\/wp-json\/wp\/v2\/pages\/487"}],"collection":[{"href":"http:\/\/chalo-india.de\/chaloindia\/wp-json\/wp\/v2\/pages"}],"about":[{"href":"http:\/\/chalo-india.de\/chaloindia\/wp-json\/wp\/v2\/types\/page"}],"author":[{"embeddable":true,"href":"http:\/\/chalo-india.de\/chaloindia\/wp-json\/wp\/v2\/users\/1"}],"replies":[{"embeddable":true,"href":"http:\/\/chalo-india.de\/chaloindia\/wp-json\/wp\/v2\/comments?post=487"}],"version-history":[{"count":2,"href":"http:\/\/chalo-india.de\/chaloindia\/wp-json\/wp\/v2\/pages\/487\/revisions"}],"predecessor-version":[{"id":489,"href":"http:\/\/chalo-india.de\/chaloindia\/wp-json\/wp\/v2\/pages\/487\/revisions\/489"}],"wp:attachment":[{"href":"http:\/\/chalo-india.de\/chaloindia\/wp-json\/wp\/v2\/media?parent=487"}],"curies":[{"name":"wp","href":"https:\/\/api.w.org\/{rel}","templated":true}]}}